composite number?
True
Is 2664847 prime?
True
Is 2265143 prime?
True
Is 507661987 composite?
True
Is 151143959 a prime number?
False
Is 5797049 composite?
True
Is 482957 composite?
False
Is 200382353 a composite number?
True
Is 34618769 prime?
True
Is 1188833 a prime number?
False
Is 19458563 a prime number?
True
Is 11088953 prime?
False
Is 570181 a prime number?
True
Is 169200851 composite?
False
Is 5597719 prime?
True
Is 12494257 composite?
True
Is 5535022 prime?
False
Is 151937 a composite number?
False
Is 2252069 prime?
False
Is 6752789 composite?
False
Is 1787587777 prime?
True
Is 33009027 composite?
True
Is 293374127 prime?
False
Is 1399361 a prime number?
True
Is 6920569 a composite number?
False
Is 4769593 a composite number?
False
Is 10230933 composite?
True
Is 17304865 composite?
True
Is 1033217 prime?
False
Is 527903 prime?
False
Is 22858061 a prime number?
False
Is 92425687 composite?
True
Is 26500367 a composite number?
True
Is 282938351 prime?
True
Is 67700369 a composite number?
True
Is 6770527 a prime number?
True
Is 514637 a prime number?
True
Is 117174521 a prime number?
True
Is 97307395 prime?
False
Is 150257977 a prime number?
True
Is 31906663 a prime number?
True
Is 16332467 a prime number?
True
Is 19916173 prime?
True
Is 456668869 a composite number?
False
Is 108107 prime?
True
Is 37532203 composite?
True
Is 12319037 a prime number?
False
Is 2251807 composite?
False
Is 2832671 a composite number?
True
Is 65298481 prime?
False
Is 281041151 composite?
False
Is 382933 a prime number?
True
Is 4196627 prime?
False
Is 1371259 a prime number?
True
Is 95907827 composite?
False
Is 4405987 prime?
False
Is 61659267 prime?
False
Is 9900301 a prime number?
True
Is 10462747 prime?
True
Is 123757 a prime number?
True
Is 203306539 a prime number?
True
Is 69895955 a prime number?
False
Is 5366603 prime?
False
Is 18559861 composite?
True
Is 118940581 a prime number?
True
Is 96497771 composite?
True
Is 407894 a composite number?
True
Is 178257929 a composite number?
False
Is 543241 prime?
True
Is 1854971 a prime number?
True
Is 309743 a prime number?
False
Is 3467909 prime?
True
Is 24354887 a composite number?
False
Is 43044179 composite?
False
Is 3988447 a prime number?
False
Is 35982689 composite?
False
Is 737717 prime?
True
Is 12293131 a prime number?
False
Is 97436531 a composite number?
True
Is 4640507 composite?
True
Is 24227207 a composite number?
False
Is 63468611 composite?
True
Is 97266217 a composite number?
False
Is 4876817 composite?
True
Is 4750723 a composite number?
False
Is 46996489 a prime number?
True
Is 142028881 a prime number?
True
Is 4156709 composite?
False
Is 129069214 composite?
True
Is 2142029 composite?
False
Is 1066199105 a composite number?
True
Is 197279 prime?
True
Is 433675567 a prime number?
False
Is 98365127 a composite number?
True
Is 457531 prime?
False
Is 13875467 composite?
True
Is 7051123 a composite number?
False
Is 184747397 a composite number?
True
Is 925339 a composite number?
False
Is 25134622 prime?
False
Is 4326059 a composite number?
True
Is 63281681 composite?
True
Is 1244857 prime?
True
Is 19839559 a prime number?
False
Is 1768211 a prime number?
False
Is 157359101 composite?
False
Is 127145917 a composite number?
False
Is 6561161 a prime number?
True
Is 6874039 a prime number?
True
Is 49312481 prime?
True
Is 252691 composite?
False
Is 10981207 a prime number?
True
Is 799633 prime?
True
Is 16369267 a prime number?
True
Is 35729497 composite?
False
Is 54133883 prime?
True
Is 1617557 a prime number?
True
Is 36476989 composite?
True
Is 578130859 a prime number?
False
Is 45293249 a prime number?
True
Is 74628887 a prime number?
True
Is 23451563 prime?
True
Is 27479851 a prime number?
False
Is 41282249 a prime number?
True
Is 11610379 composite?
True
Is 26416645 prime?
False
Is 568971553 a prime number?
True
Is 3072757 composite?
True
Is 23491643 a prime number?
False
Is 13356379 a composite number?
False
Is 8623319 prime?
True
Is 32343437 a prime number?
False
Is 6180227 prime?
False
Is 3873629 a composite number?
False
Is 11668439 a prime number?
False
Is 12722863 prime?
True
Is 10790671 a composite number?
False
Is 1735499 a composite number?
False
Is 9598811 a prime number?
True
Is 501911 prime?
True
Is 12462707 composite?
False
Is 485753 composite?
False
Is 47560421 composite?
True
Is 54628503 composite?
True
Is 206807737 composite?
True
Is 8410247 a composite number?
True
Is 4146661 a composite number?
False
Is 966685 prime?
False
Is 279935 composite?
True
Is 22367131 a composite number?
False
Is 40001557 prime?
True
Is 13595633 composite?
False
Is 12921713 composite?
True
Is 271459763 composite?
True
Is 8111371 prime?
False
Is 177043 a prime number?
True
Is 4850641 a composite number?
False
Is 64993 a composite number?
True
Is 266212313 prime?
True
Is 6213523 composite?
False
Is 17966813 prime?
False
Is 2454149 composite?
False
Is 82830211 a prime number?
False
Is 28142393 prime?
True
Is 16760351 composite?
True
Is 367857857 a composite number?
True
Is 1341223 prime?
False
Is 104563253 a prime number?
True
Is 3016945 prime?
False
Is 1246281 a composite number?
True
Is 28187851 a composite number?
True
Is 3990041435 prime?
False
Is 182623909 a prime number?
False
Is 17120305 a prime number?
False
Is 318487489 a prime number?
False
Is 31140737 composite?
True
Is 1872373 a composite number?
True
Is 10524907 a composite number?
True
Is 6748513 composite?
True
Is 21054169 a prime number?
True
Is 92986087 a composite number?
True
Is 10191085 a composite number?
True
Is 714283 a composite number?
False
Is 434655589 prime?
True
Is 1642997 prime?
True
Is 2845093 a composite number?
True
Is 22787731 a prime number?
False
Is 108118223 a composite number?
False
Is 12264619 a prime number?
True
Is 132542513 composite?
True
Is 17237933 a prime number?
True
Is 2157641 a prime number?
True
Is 59436563 a composite number?
True
Is 1757191 a prime number?
True
Is 17941093 prime?
True
Is 9718381 composite?
False
Is 4009157 a prime number?
False
Is 985029 a composite number?
True
Is 2136821 composite?
True
Is 881189 a composite number?
True
Is 174498767 prime?
True
Is 16234885 prime?
False
Is 19562113 a composite number?
True
Is 560749 a composite number?
True
Is 4206374 a prime number?
False
Is 221102573 composite?
False
Is 1126327 a composite number?
True
Is 41677157 a composite number?
False
Is 10572503 prime?
True
Is 3334571 a prime number?
False
Is 22322419 a prime number?
False
Is 31242977 composite?
True
Is 3180889 a composite number?
True
Is 35786027 composite?
False
Is 7707433 composite?
True
Is 2940887 a prime number?
True
Is 91753 composite?
False
Is 49731361 composite?
False
Is 15109 a prime number?
False
Is 64958077 a composite number?
False
Is 3124709 prime?
False
Is 5796313 prime?
True
Is 1971807 prime?
False
Is 271307 composite?
True
Is 2442551 a composite number?
True
Is 2731199 prime?
True
Is 35549497 a prime number?
False
Is 450637063 prime?
False
Is 119622457 composite?
False
Is 842267 a prime number?
True
Is 5356399 composite?
False
Is 13629698 a composite number?
True
Is 57419369 prime?
False
Is 29203511 composite?
False
Is 108579985 a prime number?
False
Is 1458049 a composite number?
False
Is 3546371 a prime number?
True
Is 174959609 composite?
True
Is 11475557 a composite number?
False
Is 18364201 a composite number?
False
Is 18168431 a prime number?
False
Is 1245169 composite?
False
Is 24858241 composite?
False
Is 41836469 a prime number?
True
Is 299516641 prime?
True
Is 12359489 a prime number?
True
Is 994984183 a composite number?
False
Is 56290627 composite?
True
Is 8320621 prime?
False
Is 25223845 composite?
True
Is 7283291 composite?
False
Is 6173806 a prime number?
False
Is 11127665 composite?
True
Is 14527549 a composite number?
False
Is 279847731 composite?
True
Is 13469617 a prime number?
False
Is 307112285 composite?
True
Is 843779 a composite number?
False
Is 5027473 a composite number?
True
Is 20868583 a composite number?
True
Is 1270589 composite?
True
Is 794693 a prime number?
True
Is 798041 prime?
False
Is 12272653 a prime number?
False
Is 620561 a composite number?
False
Is 40200841 prime?
True
Is 9114857 composite?
False
Is 1937363 a composite number?
False
Is 20